-a9
In base 4, what is 2033323322 + -2?
2033323320
In base 8, what is -26436 - 3?
-26441
In base 8, what is -33541 - 2?
-33543
In base 3, what is 1 - -20202112?
20202120
In base 3, what is 100220121 - 110?
100220011
In base 16, what is a9 + -1b4?
-10b
In base 11, what is 168895 + 2?
168897
In base 6, what is -5 + -121345?
-121354
In base 3, what is 2 - 20221010?
-20221001
In base 11, what is -1933 - -29?
-1905
In base 10, what is -49 + 516?
467
In base 14, what is 1c581 + -5?
1c57a
In base 15, what is 511a - a?
5110
In base 16, what is -2256 - 29?
-227f
In base 4, what is 2302012201 + -11?
2302012130
In base 7, what is -146045 + -20?
-146065
In base 7, what is 50025 - 462?
46233
In base 10, what is -5 - -219633?
219628
In base 8, what is -10 - -175117?
175107
In base 16, what is -3 - 589b?
-589e
In base 9, what is -3 + -3703287?
-3703301
In base 14, what is 4b - b8?
-6b
In base 6, what is -225341 - 234?
-230015
In base 4, what is -101303 - -321?
-100322
In base 7, what is -441 + 621?
150
In base 12, what is 2 - -157ba?
15800
In base 6, what is -11043 + -53?
-11140
In base 4, what is 3333132131 + 0?
3333132131
In base 7, what is -3334466 + 5?
-3334461
In base 10, what is 5051 + 2?
5053
In base 16, what is 5a - 489?
-42f
In base 10, what is 70 + 368?
438
In base 12, what is -166786 + 5?
-166781
In base 11, what is 7 - -8289?
8295
In base 6, what is 3 + 14152?
14155
In base 11, what is 98 - 5203?
-5116
In base 2, what is 11 + -100010101001111?
-100010101001100
In base 16, what is -3 - -29060?
2905d
In base 7, what is 1 - -122512?
122513
In base 7, what is -3 + 1005411?
1005405
In base 16, what is -6e668 + -2?
-6e66a
In base 7, what is 4001640 + 4?
4001644
In base 9, what is 70455 + 2?
70457
In base 14, what is 2 - -d18b0?
d18b2
In base 13, what is -a + 14096?
14089
In base 11, what is 40 + -2977?
-2937
In base 9, what is -324 - 12647?
-13072
In base 11, what is -2667 - -8a?
-2588
In base 5, what is -4312 + 310001?
300134
In base 7, what is -51 + -55264?
-55345
In base 13, what is 124c6 + 4?
124ca
In base 12, what is 207902 + 2?
207904
In base 10, what is 981 - -218?
1199
In base 11, what is -2 + -a4147?
-a4149
In base 11, what is -4a9 - -245?
-264
In base 12, what is -5 + 6704?
66bb
In base 13, what is -8c69 + 2?
-8c67
In base 6, what is 10024 - 52?
5532
In base 10, what is 1 + 1821?
1822
In base 14, what is -697aa - 0?
-697aa
In base 12, what is 1 + 16b3a?
16b3b
In base 7, what is -21 - -36416?
36365
In base 4, what is -111223 - 313?
-112202
In base 11, what is 31 - -254a?
2580
In base 6, what is 14 - -13551311?
13551325
In base 2, what is 1011101 - -1111011001011?
1111100101000
In base 13, what is -2 - 30aa?
-30ac
In base 4, what is -2 - -320102023?
320102021
In base 14, what is 7 - -15445?
1544c
In base 16, what is 30a7 - 15?
3092
In base 16, what is 64f7d - -4?
64f81
In base 5, what is -10 - -21110312?
21110302
In base 14, what is -13b6 - 11?
-13c7
In base 4, what is -212331 - -2003?
-210322
In base 12, what is 28315 + -1?
28314
In base 16, what is -1d550 - 1c?
-1d56c
In base 6, what is -2243 - 133?
-2420
In base 10, what is -1898 - 22?
-1920
In base 11, what is -45370 - -4?
-45367
In base 14, what is -1d3 + -43?
-236
In base 8, what is -3 + -31350?
-31353
In base 15, what is -225ec + a?
-225e2
In base 7, what is 3 - 43050?
-43044
In base 2, what is 101100110000 - -10001?
101101000001
In base 12, what is a12b - -9?
a138
In base 5, what is -101024410 + -4?
-101024414
In base 15, what is -2 - -32a01?
329ee
In base 11, what is 2 + a86?
a88
In base 8, what is 40 - 21736?
-21676
In base 8, what is -2643 + 176?
-2445
In base 3, what is 210011120011110 - -1?
210011120011111
In base 11, what is 9 - -170a?
1718
In base 8, what is 20032 - -21?
20053
In base 13, what is 3b529 + 0?
3b529
In base 11, what is -3 + -9104?
-9107
In base 6, what is -3 - 15311325?
-15311332
In base 14, what is 0 + -22d7?
-22d7
In base 15, what is -10020 - 9?
-10029
In base 4, what is 10 + 10312230?
10312300
In base 2, what is -10001111110101111 + 1?
-10001111110101110
In base 13, what is -58b61 + -4?
-58b65
In base 14, what is -5 - b19c?
-b1a3
In base 5, what is 2320 - 33044?
-30224
In base 14, what is -36 - -803?
7ab
In base 15, what is 3 + -5a8c?
-5a89
In base 3, what is -20 + 1100221?
1100201
In base 12, what is -9 + 15781?
15774
In base 9, what is -320862 + 18?
-320843
In base 16, what is -f717 - -d?
-f70a
In base 13, what is 8a37 - -c3?
8b2a
In base 10, what is -9492 - 87?
-9579
In base 10, what is -38 + -20611?
-20649
In base 9, what is -4 - 36444?
-36448
In base 3, what is -11020 + 100112010?
100100220
In base 9, what is 4 + -444616?
-444612
In base 14, what is 3a070 - -5?
3a075
In base 2, what is -1 + 1011101000000011?
1011101000000010
In base 15, what is 123e + 2d3?
1522
In base 11, what is -232 + -1213?
-1445
In base 2, what is -10010001101001 - -1011101?
-10010000001100
In base 12, what is -2 + 384a?
3848
In base 9, what is 3530 + -286?
3233
In base 15, what is 243 + -102?
141
In base 3, what is 2212 + -211112112?
-211102200
In base 8, what is -3 - 3355?
-3360
In base 11, what is -7 + 6056a?
60563
In base 4, what is 3000203 - -11?
3000220
In base 12, what is b + -74453?
-74444
In base 16, what is -303e - 0?
-303e
In base 6, what is -5034355 - -2?
-5034353
In base 11, what is 7088 - -502?
758a
In base 2, what is -10010 + -1110001100?
-1110011110
In base 7, what is -14 + 4062?
4045
In base 12, what is -524 - 80a?
-1132
In base 11, what is -102 - 1a08?
-200a
In base 13, what is 1 - -20815?
20816
In base 15, what is 4 + 355ee?
35603
In base 5, what is -4 + 233422?
233413
In base 15, what is 27e4 - -4?
27e8
In base 8, what is 1501 + 2702?
4403
In base 3, what is -100202121 + -2?
-100202200
In base 5, what is 4443 + -14?
4424
In base 9, what is -2171410 + 3?
-2171406
In base 10, what is 1385229 - 5?
1385224
In base 7, what is -20213 - 6?
-20222
In base 16, what is -4 - 2a83b?
-2a83f
In base 5, what is 144 - 4131?
-3432
In base 12, what is -365 + -1823?
-1b88
In base 2, what is -1011010111101 + 10010?
-1011010101011
In base 2, what is 1001100100 + -10101111?
110110101
In base 15, what is -11e - -54?
-ba
In base 5, what is 1340342 - 41?
1340301
In base 16, what is 4fd - 3a6?
157
In base 7, what is -110566540 - 3?
-110566543
In base 16, what is -60759 + -3?
-6075c
In base 10, what is -26 + 870?
844
In base 15, what is 13d348 - 2?
13d346
In base 10, what is -33 - -2573?
2540
In base 12, what is -4 + 3629?
3625
In base 14, what is 0 - 5237a?
-5237a
In base 2, what is -1101010001001110 - 110100?
-1101010010000010
In base 5, what is 3331 - 242?
3034
In base 3, what is 11210212 - -2020?
11220002
In base 3, what is 2221020 + 2001?
10000021
In base 6, what is 2554320 + 1?
2554321
In base 11, what is -5766 + -4?
-576a
In base 15, what is 18 - -1ee?
217
In base 7, what is 12 + 135213?
135225
In base 7, what is -15134 - -3?
-15131
In base 13, what is -16c63 - 8?
-16c6b
In base 3, what is -1021011 - 1011012?
-2102100
In base 9, what is 0 + -1160851?
-1160851
In base 16, what is 131d - 0?
131d
In base 5, what is -1013331014 - 4?
-1013331023
In base 13, what is 86 + 685?
73b
In base 12, what is -5 + -a374?
-a379
In base 4, what is -3 + 21030133?
21030130
In base 7, what is -10441 - -1105?
-6333
In base 3, what is 10 - -1102102211?
1102102221
In base 12, what is -12330 - b?
-1233b
In base 9, what is -38 + -18152?
-18201
In base 15, what is b64 - -b?
b70
In base 15, what is -1377 - -34?
-1343
In base 3, what is 10 + -20102110?
-20102100
In base 9, what is -6145574 + 2?
-6145572
In base 12, what is 14 - -2b6?
30a
In base 4, what is 131011 + -102300?
22111
In base 2, what is 1111101100101 + -100010?
1111101000011
In base 14, what is 62 + 112d2?
11354
In base 10, what is 6 - 95421?
-95415
In base 11, what is 1 + 37a2?
37a3
In base 9, what is 2 - -47756?
47758
In base 6, what is -100422 - -404?
-100014
In base 4, what is 113 + 212123301?
212130020
In base 14, what is 1794 + a?
17a0
In base 10, what is 41 + -23832?
-23791
In base 9, what is -3 - 1364820?
-1364823
In base 11, what is 1889 - 64?
1825
In base 5, what is -10303 + 1404?
-3344
In base 16, what is f1c8b - 2?
f1c89
In base 8, what is 40775 + 4?
41001
In base 3, what is -210220212 - -12?
-210220200
In base 3, what is -1000122 + -20